11010001111
In base 6, what is 542 + -52541?
-51555
In base 8, what is -201347036 + 2?
-201347034
In base 12, what is 7 - 716610?
-716605
In base 4, what is 31321221 - -332022?
32313303
In base 14, what is -23d - 6201?
-6440
In base 10, what is 4 + -25587839?
-25587835
In base 3, what is 1012 + -200201022112?
-200201021100
In base 2, what is 11 + -111011100011111101100010?
-111011100011111101011111
In base 8, what is 1 + -7163624?
-7163623
In base 14, what is 9 - b6ab2?
-b6aa7
In base 13, what is -13bc8305 - 2?
-13bc8307
In base 7, what is 160143132 - 2?
160143130
In base 11, what is 1 - -26659a?
2665a0
In base 16, what is -3b + 2bd1c9?
2bd18e
In base 5, what is -4 - -12311241040?
12311241031
In base 4, what is 32 + 31310321?
31311013
In base 6, what is -1520055003 + -2?
-1520055005
In base 12, what is 40736a5 - -11?
40736b6
In base 2, what is 101 - -101101100001101011100011?
101101100001101011101000
In base 7, what is 3453 - 23556?
-20103
In base 15, what is 191a45 + 4e?
191a94
In base 6, what is 411 + -111454?
-111043
In base 3, what is -201220 - -1002011001?
1001102011
In base 15, what is 79ed - 22e5?
5708
In base 5, what is -230 + -2240133134?
-2240133414
In base 15, what is 2057 + -1dc7?
180
In base 3, what is -11000020221 + -21210?
-11000112201
In base 4, what is -10 + -332332312021?
-332332312031
In base 7, what is 1 + -240346056?
-240346055
In base 14, what is -20459442 - -5?
-2045943b
In base 2, what is 1 + 110000110001010010111101?
110000110001010010111110
In base 12, what is -83 - 16aa76?
-16ab39
In base 12, what is 234a0aa66 - -2?
234a0aa68
In base 13, what is 19a9 + -75c?
124a
In base 4, what is 21 - -3113003002011?
3113003002032
In base 7, what is -161506 - -154?
-161322
In base 8, what is 1102425201 + 5?
1102425206
In base 16, what is d94b8 - -11?
d94c9
In base 3, what is -10010 + -21220202021110?
-21220202101120
In base 10, what is 546638 + 10?
546648
In base 13, what is 593c - -b17?
6756
In base 2, what is -1000001000001001100010101 + 111?
-1000001000001001100001110
In base 2, what is -1010100001110101 + -1110?
-1010100010000011
In base 7, what is -3404 - -634230?
630523
In base 11, what is -9aa455 + 3?
-9aa452
In base 4, what is -1113030 + 302020?
-211010
In base 12, what is -276a - 1111?
-387b
In base 15, what is -978ec + -2?
-978ee
In base 11, what is 4 + -1217627a?
-12176276
In base 14, what is -561 + -13bb?
-193c
In base 3, what is -101022201110120 + -1011?
-101022201111201
In base 16, what is 612 - 53c8?
-4db6
In base 4, what is 13310310 - -10?
13310320
In base 13, what is 9a1b77 + -1?
9a1b76
In base 8, what is -1562743 + -656?
-1563621
In base 7, what is 15210635 - 10?
15210625
In base 13, what is 2 - 1c80c68?
-1c80c66
In base 2, what is -110000010100 - -1101101110110?
111101100010
In base 3, what is 2101011 + 112120110?
121221121
In base 12, what is -2a - b787a?
-b78a8
In base 12, what is -3492 - 12a35?
-16307
In base 2, what is 111100000110100 + -101110111110010?
1101001000010
In base 6, what is -523245543 + 5?
-523245534
In base 9, what is -357074 - -18?
-357055
In base 16, what is 0 - 3657bb3?
-3657bb3
In base 16, what is -29597ffa + -1?
-29597ffb
In base 8, what is -3 + 14534251?
14534246
In base 6, what is 3401324045 - -2?
3401324051
In base 15, what is 2ed + 1010?
130d
In base 8, what is -31610753 + 4?
-31610747
In base 10, what is -144 + 117441?
117297
In base 10, what is -35919044 - -27?
-35919017
In base 13, what is 418043 - 4?
41803c
In base 10, what is -1193 - 7021?
-8214
In base 6, what is -3 - 132423322?
-132423325
In base 7, what is 101161421 + 4?
101161425
In base 8, what is -1307 - 172712?
-174221
In base 13, what is -719 + 5b0c4?
5a6a8
In base 13, what is -9c8 - -5b9a?
51a2
In base 14, what is -ba - 66dc?
-67b8
In base 13, what is -3 - 821376b?
-8213771
In base 3, what is 1112211001020 + 2000122?
1112220001212
In base 4, what is -21103020313110 - -2?
-21103020313102
In base 7, what is 3101043 + -1562?
3066151
In base 7, what is -3 + 250444503?
250444500
In base 15, what is -146b + -796?
-1c12
In base 2, what is 101011 - 111101110101001010?
-111101110100011111
In base 16, what is 155 - 1cf12?
-1cdbd
In base 10, what is -82770 - -5397?
-77373
In base 6, what is -40042 + -1225?
-41311
In base 4, what is -11 + 12322133001?
12322132330
In base 13, what is 6 - -845cc2?
845cc8
In base 8, what is 2 + 15327001?
15327003
In base 16, what is f559d0 - 0?
f559d0
In base 7, what is -4241 + 1341?
-2600
In base 3, what is 202111002022000 - -20?
202111002022020
In base 2, what is 10001011011011101 + -1010110010111?
10000000101000110
In base 2, what is 11011 + -1101001000111011010010?
-1101001000111010110111
In base 13, what is -a11b465 + 3?
-a11b462
In base 6, what is 240543140401 + 0?
240543140401
In base 7, what is 2 + -1260344133?
-1260344131
In base 7, what is -1132132156 + 1?
-1132132155
In base 3, what is 11101021 - -22100101?
110201122
In base 5, what is 142302423 - -23?
142303001
In base 12, what is -113 + 343b3?
342a0
In base 15, what is 319 + -11d8?
-dbe
In base 3, what is 100102111121121 - 100?
100102111121021
In base 16, what is 26a3f3c - 10?
26a3f2c
In base 15, what is -1cd + -a0de4?
-a10c2
In base 13, what is 14a950c3 - -5?
14a950c8
In base 10, what is 255463134 - -2?
255463136
In base 11, what is 38268941 + -3?
38268939
In base 11, what is 1 - -6a0985?
6a0986
In base 15, what is 362 + -6ac17?
-6a8a5
In base 10, what is -30 + -67199?
-67229
In base 12, what is -699501a + 1?
-6995019
In base 8, what is 3650 - 1225703?
-1222033
In base 9, what is -36230633 + 4?
-36230628
In base 3, what is 110011021021211000 - -12?
110011021021211012
In base 3, what is -11200021001110 - 1000?
-11200021002110
In base 14, what is -7 - 5a9c1?
-5a9c8
In base 7, what is 2543 - 34525?
-31652
In base 6, what is 343035402 + 132?
343035534
In base 9, what is -358 + -338411?
-338770
In base 9, what is 136286 - -513?
136810
In base 9, what is -342306 + 255?
-342041
In base 5, what is 4 - -31232323004?
31232323013
In base 16, what is 3d8e52f - 1?
3d8e52e
In base 12, what is -30 - -1368909?
1368899
In base 2, what is 101100011001011000000001 - 11101?
101100011001010111100100
In base 12, what is -126a7a16a + -2?
-126a7a170
In base 4, what is -103333200003312 - 1?
-103333200003313
In base 16, what is 22c - 4caac?
-4c880
In base 14, what is -70c9 + 248?
-6c81
In base 8, what is 147 + 13176?
13345
In base 7, what is -10 - 1000445615?
-1000445625
In base 10, what is -5 + 9946218?
9946213
In base 10, what is 20 + -1813400?
-1813380
In base 8, what is 55 + 3454511?
3454566
In base 11, what is 188 - 6a145a?
-6a1282
In base 4, what is -1021130132 + -113?
-1021130311
In base 8, what is 1340036 + 435?
1340473
In base 2, what is -1101011001101001 + -10110000?
-1101011100011001
In base 11, what is -41 + 3a0231?
3a01a0
In base 16, what is 2 - -49b5ac?
49b5ae
In base 9, what is -33023753 - -1?
-33023752
In base 4, what is -22 - -1003130033?
1003130011
In base 9, what is 3 - 15170520?
-15170516
In base 16, what is 1d717dc - 0?
1d717dc
In base 13, what is 169a9 + 54b?
17227
In base 9, what is -25 - -7316112?
7316076
In base 16, what is -3b7c4b0 - 0?
-3b7c4b0
In base 15, what is -5 - 4b43e3?
-4b43e8
In base 15, what is 1 - 255552?
-255551
In base 12, what is 24a - 559065?
-558a17
In base 12, what is -52 - -1354b42?
1354ab0
In base 2, what is -10011 + 1010011011010010001?
1010011011001111110
In base 10, what is -6738716 + -2?
-6738718
In base 8, what is 30 + -177543?
-177513
In base 7, what is -3 + 2565662014?
2565662011
In base 11, what is -1 + -4a16547?
-4a16548
In base 13, what is -11565 - a8?
-11640
In base 8, what is 1 - -171770062?
171770063
In base 15, what is 8 - 1c6123?
-1c611a
In base 11, what is 28 + 3770037?
3770064
In base 2, what is 0 + -11010011101000111101011?
-11010011101000111101011
In base 8, what is -1176 - 302142?
-303340
In base 10, what is 21 - 1231820?
-1231799
In base 2, what is -111 + 11000011111011010000101?
11000011111011001111110
In base 5, what is -3 + -2203200102?
-2203200110
In base 11, what is -5 - 3a81a81?
-3a81a86
In base 16, what is -9b1 - 31b41?
-324f2
In base 5, what is 104200 - 4032203?
-3423003
In base 3, what is -1 + -112102210021101?
-112102210021102
In base 2, what is 11010100010100011111111000 - -100?
11010